Suppose 3*s = -i*s + 35. What is the units digit of s?
7
Let d = -2 + 6. Suppose -3*w + 15 = -d*h - 13, -2*w = 4*h + 8. Suppose -5*k - w*b = -55, -k + 22 = k - 3*b. What is the units digit of k?
1
Suppose 4*d - 1180 = -j + 6*j, -2*j = d - 295. What is the tens digit of d?
9
Let q(o) = o + 8. Let p(m) = m - 4. Let f be p(10). What is the units digit of q(f)?
4
Suppose -4*v + 270 = 2*a, -a + 6*a + 2*v = 675. What is the hundreds digit of a?
1
Let d = 7 + 12. What is the units digit of d?
9
Let d = 15 + -10. Suppose 42 - 7 = d*w. What is the units digit of w?
7
Suppose -3*x + 5*x = 10. Let o be 2/3*(-6 + -3). What is the units digit of (15/o)/x*-6?
3
Let q(k) = 21*k - 18. What is the tens digit of q(5)?
8
Let q(h) = -h**2 + 4*h - 3. Let y be q(3). Suppose -2*k + 88 = -y*k. What is the tens digit of k?
4
Let i = 19 - 12. Let y be (-2)/i + 540/28. Let m = y - 13. What is the units digit of m?
6
Let a(x) = -x**3 - 6*x**2 - 5*x - 4. Let z be a(-7). Suppose g - z = -4*g. What is the tens digit of g?
1
Let k(q) = -q**3 + q + 28. Let f be k(0). Suppose 2*t = -2*a - 22, 2*a + f = -0*t - 3*t. What is the units digit of (-3)/1 - -1 - t?
4
Let q = -12 - -103. What is the units digit of q?
1
Suppose 2 = -d + 72. What is the tens digit of -5 + 1 + d/2?
3
Let z = -13 + 10. What is the tens digit of ((-87)/9)/(1/z)?
2
Suppose -5*n + 4*n = 9. Let h = -3 - n. What is the units digit of h?
6
Suppose 3*f - 12 = -f. Let j be (2/6)/(2/204). Suppose -f*o - 7 = -j. What is the units digit of o?
9
Let f be (-4)/(-6) - (-3)/9. Let x(q) = 4*q**3 - q**2 + 1. Let d be x(f). Suppose -4*p + a = -7 - d, p + 3*a - 6 = 0. What is the units digit of p?
3
Suppose 6*f - f + 35 = 0. Let a = 8 + f. Let s(t) = 14*t**2 + t - 1. What is the tens digit of s(a)?
1
Let i(d) = -3*d**2 + 4*d**2 + 5 - d + 6*d. Let c(g) = -7*g**2 - g. Let y be c(-1). What is the tens digit of i(y)?
1
Suppose 2*w + 4*w = -126. Let v = w + 29. What is the units digit of v?
8
Let f(a) = -3*a + 2. Let q be f(2). Let z be 22*((-10)/q + -2). Suppose -3*j + z = -2*j. What is the tens digit of j?
1
Let g = -6 + 24. Let m be 66/g + 1/3. What is the units digit of (-3 + m)/(1 + 0)?
1
Let j be (8/(-12))/(1/(-3)). Let p = j - -4. Suppose p = 3*c - 2*c. What is the units digit of c?
6
Suppose -4*i + 5*i + 2 = x, -2*x + 5*i = -1. Suppose x*d + 2 + 16 = 0. What is the units digit of 2/(-1 - d/2)?
1
Suppose -20 = -5*t, 3*t - 9 = -4*k - 1. Let y be (7/(-1))/k - 2. Suppose 5*d + h = 42, -y = -d - 2*h + 7. What is the units digit of d?
8
Suppose -5*w = -287 - 1023. What is the tens digit of w?
6
Let d be -1*0*2/4. Let q(u) = u**2 + 2*u + 1. Let n(h) = -2*h**2 - 3*h - 1. Let b(x) = 2*n(x) + 3*q(x). What is the units digit of b(d)?
1
Let c(k) = -2*k**3 - k + 2. Let p = 3 - 5. What is the tens digit of c(p)?
2
Suppose -p + 9 - 171 = 0. What is the units digit of ((-3)/2)/(9/p)?
7
Let f = 355 + -194. Suppose s - 139 = -4*x + 6*s, -2*s = -5*x + f. What is the units digit of x?
1
Suppose o - 2 = -0. Suppose -4*k - o*x + 2 = 0, -5*k + 4*x = 4 + 13. Let a = 3 - k. What is the units digit of a?
4
Suppose 3*i = -5*v - 0*v + 120, -v = 2*i - 17. What is the units digit of v?
7
Let v = -3 + 5. Suppose v*u - 2*f = 40, 5*u - 3*f - 103 = 5. What is the tens digit of u?
2
Let b(x) = 1 + 4*x**2 - 4 + 2 + 5*x**2. What is the units digit of b(1)?
8
Let n(a) = a**2 + 13*a - 12. Let z be n(-14). Suppose -s - 106 = -z*p, -56 = -2*p - 4*s + 40. What is the tens digit of p?
5
Let s = 30 - -8. What is the units digit of s?
8
Let a(k) = 4*k - 3. Let y be a(2). Suppose y*q = 72 + 98. What is the units digit of q?
4
What is the hundreds digit of (-2 + 1340/(-25))*-5?
2
Suppose 2*w - 11*w = -2529. What is the tens digit of w?
8
Let y = -447 - -665. What is the hundreds digit of y?
2
Let v be 8/((4 + -6)*-1). Suppose v*m - 79 = 117. What is the units digit of m?
9
Let o = 49 - 23. Let j = -10 - o. What is the tens digit of (j/(-15))/((-1)/(-5))?
1
Suppose 9*x - 7*x = 18. What is the units digit of ((-57)/x)/(1/(-3))?
9
Suppose 2*y + 6 = 0, -4*y - 7 - 1 = -x. Let d(s) = -s**2 + s + 5. Let b be d(4). Let g = x - b. What is the units digit of g?
3
Let d = 2 - -5. Let z(b) = 4*b**2 - b. Let l(j) = -13*j**2 + 2*j. Let i(q) = d*z(q) + 2*l(q). What is the units digit of i(2)?
2
Suppose 4*h = -5*w + 246, 3*h - w = 63 + 112. What is the tens digit of h?
5
Let i be (-1)/(-2) + (-15)/10. Let p be (0/(4 - 2))/(-1). What is the units digit of 5 - p - (i + 0)?
6
Let p = -6 + 29. What is the units digit of p?
3
Suppose -2*a - 2*v = -154, -a + 0*v + 89 = -3*v. Suppose -j - 4*j = -a. What is the units digit of j?
6
Suppose 0 = 3*j - 2*w + 7, 5*j + 0*w = 2*w - 9. Let d(g) = 12*g**2 - g - 1. Let v be d(j). Let i = -7 + v. What is the units digit of i?
5
Suppose -m - 5 = 6*f - 3*f, 5*f = 4*m + 20. Let t(d) = d**3 + d + 8. What is the units digit of t(f)?
8
Suppose 5*m = 113 + 352. What is the tens digit of m?
9
Suppose -o + z = 2*o - 185, z = 4*o - 245. What is the units digit of o?
0
Let s(z) = z**3 + 2*z**2 - 2*z. Let f be s(-2). Suppose 0*r - 4*w = -r + 21, 2*w = -f*r + 66. What is the units digit of r?
7
Let n = -38 + 78. What is the units digit of n?
0
Suppose 0 = -2*g - g + i + 143, 5*i - 20 = 0. What is the tens digit of g?
4
Let b be (4/(-3))/(3/18). Let j(w) = w + 18. What is the units digit of j(b)?
0
Let m(x) be the first derivative of -2*x**2 - 13*x + 1. What is the units digit of m(-11)?
1
What is the units digit of (-83)/(-2) - 3*2/4?
0
Let b(t) = -3*t. Let w(k) = -k - 4. Let l be w(-3). Let p be b(l). Suppose 2*m - 1 = -q, 2*m + 35 = p*q - 0*m. What is the units digit of q?
9
Let q = 10 - 17. Let a = q - -16. What is the units digit of a?
9
Suppose -13 - 3 = 2*u. What is the units digit of (-357)/(-27) + u/36?
3
Let a(j) be the second derivative of j**3/2 + j**2/2 + 5*j. What is the tens digit of a(7)?
2
Suppose -g = -o - 4*g + 9, -2*g = 4. Let k(f) = f**2 - 3*f. Let d be k(3). Suppose d = -2*i + o + 1. What is the units digit of i?
8
Suppose -2*o = -7*o + 160. What is the tens digit of o?
3
Let s(l) = -l**3 + 6*l**2 + l - 1. Suppose -u = w + 4, 0*w + 15 = -3*w. Let c be (8 - u) + (0 - 1). What is the units digit of s(c)?
5
Let n = -109 + 73. Let g = n + 50. What is the tens digit of g?
1
Let a(i) = -i**3 + 7*i**2 - 9*i - 3. Let p be a(5). Suppose 24 - 66 = -p*t. What is the tens digit of t?
2
Let s(o) = 3*o**2 - 5*o + 3. Let g(k) = -5*k**2 + 9*k - 5. Let z(q) = 4*g(q) + 7*s(q). Let p = -1 - -1. What is the units digit of z(p)?
1
Let q = 10 - 8. Suppose 4*v - j = 30, 0*j = j - q. Suppose 0 = 3*z + z - v. What is the units digit of z?
2
Let q(k) = -11*k**3 + 5*k**2 + 10. Let g(l) = 4*l**3 - 2*l**2 - 3. Let j(o) = 8*g(o) + 3*q(o). What is the units digit of j(0)?
6
Suppose 0 = f + 3, -c - f + 3 = 0. What is the units digit of c?
6
Let n(q) = 4*q - 2*q**2 - 12*q + 4 + 3*q**2. Let a be n(8). What is the units digit of 3 + 2 + a + -2?
7
Let o(q) = q**2 + 8*q + 8. Let u be o(-6). Let p be u/(-8)*1*-8. Let x = p - -10. What is the units digit of x?
6
Suppose -2*f - f = w + 3, -4*f - 2*w - 6 = 0. Suppose -3*u - 16 + 100 = f. What is the tens digit of u?
2
Suppose -9 - 46 = -5*d. Let l = -20 + d. What is the units digit of l/(-6) + (-1)/2?
1
Let n(f) = 5*f**3 - 2*f**2 - 3*f + 3. Let x = -5 + 4. Let t(l) = l**3 - l**2 - l. Let p(u) = x*n(u) + 4*t(u). What is the units digit of p(-3)?
9
Suppose 5*l - 7*l = -4. Let s = 45 - 23. Suppose 52 = 5*h + 4*x, 2*h + l*x - s = -0*x. What is the units digit of h?
8
Let r(b) = -b**2 + 10*b - 5. Let x be r(10). What is the units digit of x + 3 - (-6 + 0)?
4
Let q(o) = o**2 + 4*o + 6. Let h be q(-3). Suppose -8 - 32 = -2*w - 4*a, -58 = -h*w - 4*a. What is the units digit of w?
8
Suppose 0 = j - 2*z - 8 - 5, -5*j = 4*z - 23. Let g = j - 3. Suppose -v + g*v = 24. What is the units digit of v?
8
Let v(x) = -12*x**3 + x**2 - 3*x - 3. What is the units digit of v(-2)?
3
Let b(v) = v - 2. Let d be b(5). Suppose -5*t + 60 = 4*n, -d*t + 23 = n + 1. What is the tens digit of n?
1
Suppose -2*l = 2*l. Suppose -10*f + 7*f + 138 = l. What is the units digit of f?
6
Let a(m) = -2*m**3. Let g be a(-1). Let r(q) = 4*q**3 - 8*q**3 - 5*q**g - q + 7 + 3*q**3. What is the tens digit of r(-5)?
1
Let u(n) = 10 + n + 8 - 8. Let k(l) = -l**3 - l**2 - l - 1. 